he tens digit of 1 + 12 - 2/g?
1
What is the units digit of (-2)/(-8)*-17*(15 + -67)?
1
Let j = 13 + -25. Let f = j + 23. What is the tens digit of f?
1
Let f be 6/15 + (-44)/10. Let k = f + 6. What is the units digit of k?
2
Let a(t) = t**3 + 4*t**2 - 2*t + 2. Let l(v) = -2*v**2 - 2*v + 1. Let w be l(1). Let j = -1 + w. What is the units digit of a(j)?
0
Suppose 0 = -5*v + 3*v - 5*y + 56, 0 = -4*v + 2*y + 136. What is the tens digit of v?
3
Let y = -5 + 8. Suppose y*j = 6 + 6. What is the units digit of j?
4
Let g = 104 + -67. What is the units digit of g?
7
Let d = 5 - 3. What is the units digit of d?
2
Let p(d) = -3*d + 47. What is the units digit of p(0)?
7
Let p(h) = 2*h**2 - 24*h + 4. What is the units digit of p(12)?
4
Let l = -4 - -5. Let f be 2 + 2 + 0 + l. Suppose -2*d + d = 5*g + 1, d - 9 = f*g. What is the units digit of d?
4
Suppose 0 = 6*s - 2*s. Let u = s + 2. Suppose u*k + 27 = 5*k - 2*n, k = -5*n + 9. What is the units digit of k?
9
Suppose 5*g + 8*y - 3*y = 65, 83 = 5*g - y. Suppose m - 2*v - g = 0, 68 = 3*m + 7*v - 3*v. What is the units digit of m?
0
What is the tens digit of 1 - (-3)/(6/218)?
1
Suppose -r + 3 = -2. Let h = r - 3. Suppose -5*x + h*x + 4 = 4*l, -x + 5*l = -33. What is the units digit of x?
8
Let s(o) = 22*o**2 + 4*o - 3. Let f be s(2). Suppose -4*n + 71 = -f. What is the units digit of n?
1
Let q = 10 + -8. Let t = 4 + -2. Suppose -t*n - 8 = -4*b, -q*b = 3*n - b - 16. What is the units digit of n?
4
Suppose 5*r = 63 + 242. What is the tens digit of r?
6
Suppose c = 5*n + 4*c - 20, 16 = 4*n + 4*c. Suppose -4*h + 58 = -g - n*g, 64 = 5*h - 2*g. What is the tens digit of h?
1
Let k = 32 - -3. What is the tens digit of k?
3
Let i(r) = -9*r**3 - r - 2. What is the units digit of i(-1)?
8
What is the units digit of 3348/45 - 6/15?
4
Suppose -2*k + 4*y + 164 + 292 = 0, 0 = -3*y - 15. What is the tens digit of k?
1
Let q be 52/10 - (-3)/(-15). Let o = q + -11. What is the units digit of -10*(o/15 - 0)?
4
Let n(l) = 3*l**2 + 2*l**2 - 5*l**2 - l**3 + 4*l**2. What is the units digit of n(3)?
9
Let m = -6 + -7. Suppose -5*n - 48 = 72. Let r = m - n. What is the units digit of r?
1
Suppose 2*g - 3*o = g + 17, -g + 9 = -5*o. Suppose 3*l - 5*j + 10 = 28, 5*j = 4*l - g. What is the units digit of l?
1
Let s(f) = f**2 + 2*f + 67. What is the units digit of s(0)?
7
Let i = 20 + -2. Suppose 2*q + i = 3*q. Suppose 5*v - 17 = q. What is the units digit of v?
7
Suppose 83 = r + 7. Suppose -2*j + 4 = 0, 8 = -4*t - 4*j + r. What is the units digit of t?
5
Let f = 32 + -49. Let t = 0 - f. Suppose 3*v - t - 8 = -2*u, 5 = v + 4*u. What is the units digit of v?
9
Suppose -10 = 5*w, 2*c + 7*w - 18 = 2*w. Let t = -4 + c. What is the units digit of t?
0
Let v(r) = r**2 + 4*r + 13. What is the units digit of v(-8)?
5
Suppose -4*z - 4*t + 4 + 0 = 0, z = 4*t + 6. Suppose v - 5*y + z = 1, 3*v - 36 = 2*y. What is the tens digit of v?
1
Let a(i) = i - 1. Let r(j) = -9*j + 20. Let l(s) = -4*a(s) - r(s). What is the tens digit of l(11)?
3
Suppose a - s + 1 - 16 = 0, s + 3 = 0. Let d = 20 - a. Suppose -2*v + d = 2. What is the units digit of v?
3
Let x = 0 + 14. Suppose 5*j + 2*g + 2*g - 23 = 0, 2*j - x = -4*g. Suppose -j*u + 4*t + 64 = u, 0 = -5*t - 25. What is the tens digit of u?
1
What is the units digit of (44/(-16) - -3)*4*61?
1
Let r(u) = -u**3 - u**2 + u - 5. Let n be r(0). Let d = -1 - n. Suppose -d*s = -28 - 8. What is the units digit of s?
9
Let b be 5/((-5)/2)*-1. Suppose l + 3 - 6 = 0. Suppose j - 75 = -b*k - l*k, 5*k - 2*j = 60. What is the units digit of k?
4
Let x = 0 + -1. Let s(a) = 22*a**3 + 14. Let t(l) = 7*l**3 + 5. Let m(g) = -6*s(g) + 17*t(g). What is the units digit of m(x)?
4
Let u be (1 + -27)*1/2. Let z = -1 - u. What is the tens digit of z?
1
Let n(v) = -v**3 + v**2 + 2. Let k be n(0). Suppose 3*q - q = k. What is the units digit of q?
1
Suppose 11 = 4*x - 7*x - m, 2*m - 13 = x. Let d(h) = -h**3 - 4*h**2 + 4*h - 4. What is the units digit of d(x)?
1
Suppose 0 = -4*n - 0*n - 5*f + 32, 0 = -4*n + 4*f + 32. Let a = -10 + 14. Suppose -3*o - 2 = -b, -4*o + 32 = a*b - n. What is the units digit of b?
8
Let q(h) = -13*h - 1. Let w(n) = 52*n + 5. Let c(a) = -9*q(a) - 2*w(a). What is the units digit of c(1)?
2
Let c = 52 - 37. What is the units digit of c?
5
Suppose -n + 100 = -o, -3*n + 189 = 2*o - 91. What is the units digit of n?
6
Suppose -3 = -i, 0*i + 2*i = 4*m + 26. Let l(x) = x + 8. What is the units digit of l(m)?
3
Let p be (-3)/18 - (-22)/(-12). Let q = 1 + p. What is the units digit of (-18)/(-4) - q/2?
5
Suppose 3*y - 23 = 37. What is the units digit of y?
0
Let m = 2 + -1. What is the tens digit of 13 + (m + -2 - -4)?
1
Let w = -82 - -42. Let p be (-452)/10 - 8/w. Let c = -32 - p. What is the units digit of c?
3
Let i = -7 - -13. Let l = 10 - i. What is the units digit of l?
4
Let p(r) = -4*r**3 - 2*r**2 - 2*r + 1. What is the tens digit of p(-2)?
2
Let l(p) = p - 3*p - 3*p + 4*p. What is the units digit of l(-2)?
2
Suppose 3*r - u = 4*u + 407, 2*r + 2*u = 266. What is the hundreds digit of r?
1
Let v be 0*(-1)/(0 + 1). What is the units digit of v + 9 - 0/2?
9
Suppose 2*s + y = -s, s + 4*y + 11 = 0. What is the units digit of s?
1
Let v(s) = s**2 - 3*s - 6. Let m be v(6). Let i be -2*((-2)/4 + 2). Let r = m + i. What is the units digit of r?
9
Let x = 2 - 3. What is the tens digit of (-1 + (x - -13))/1?
1
Let n = 25 - -18. What is the tens digit of n?
4
Let j = 118 - 30. What is the tens digit of j?
8
Suppose -5 = d - 42. What is the tens digit of d?
3
Suppose -2*g = -2*p - 40 + 4, 53 = 3*g - 4*p. Let h = g + -9. What is the tens digit of h?
1
Let z(l) = 6*l + 3. Suppose 2*k + 12 = 4*r - 0*k, 0 = -2*k - 4. What is the tens digit of z(r)?
1
Let a(i) = 7*i**2 + 4*i + 3. Let m be a(-3). What is the tens digit of (-3)/(-15) - m/(-5)?
1
Let l(v) = 5*v**2 - 6*v + 5. Let n(h) = -6*h**2 + 7*h - 6. Let i(y) = 4*l(y) + 3*n(y). What is the units digit of i(2)?
4
Suppose y - 716 = -3*y + 4*a, -5*a - 533 = -3*y. What is the units digit of y?
1
Suppose 22 = -0*t + t. What is the tens digit of t?
2
Let s(f) = 13*f + 1. Let z be s(2). Suppose z = -w + 4*w. Suppose -5*d + w = -6. What is the units digit of d?
3
Suppose 4*j - 53 = 3*p, p = 3*j - 2*p - 42. What is the units digit of (j + 1)/((-6)/(-4))?
8
Suppose 2*p = -261 + 651. Suppose 30 + 163 = 5*v - 3*j, -5*v = -5*j - p. What is the tens digit of v?
3
Suppose -4*n = 4*y - 3*y - 405, 0 = -4*n - 4*y + 408. What is the hundreds digit of n?
1
Suppose -3*i = 7*r - 3*r - 16, -2*r - 3*i = -8. Let d be r/14 - 36/28. What is the tens digit of (1 + 0/d)*12?
1
Let j(u) = -3*u - 5. Suppose -6 = -v - 2. Let p = v - 8. What is the units digit of j(p)?
7
Suppose 4*v = w - 22, 5*v + 5*w + 10 = v. Let a(f) = f**3 + 5*f**2 - 4*f - 5. What is the units digit of a(v)?
5
Suppose 0*a - a - 2*t + 72 = 0, 5*t = 4*a - 353. What is the units digit of a?
2
Let q be (6/9)/((-1)/(-3)). What is the tens digit of (0 + 4)*(q + 8)?
4
Let w = -28 - -129. What is the tens digit of w?
0
Suppose 4*g - 3*z = -17, -2*g = -3*g + z - 5. Let d(p) = 2*p**2 + p - 2. What is the units digit of d(g)?
4
Suppose -5*u - 14 = 1. Let r(f) = f**2 - f + 3. What is the tens digit of r(u)?
1
Let a = 3 + 1. Let g(u) = -1 + a*u - 2 - 3*u. What is the units digit of g(5)?
2
Suppose 2*f = 2*c - 12, -3*c + 0 = -2*f - 14. Suppose -c*a + 27 = a. What is the units digit of a?
9
Let q = -3 + 3. Suppose 0 = -2*u - 5*h - 11 + 36, q = u + 2*h - 13. What is the tens digit of u?
1
Let w = -40 - -82. Suppose -2*f + 0*f = -4*g - 48, -3*f - 4*g + w = 0. Let v = 30 - f. What is the tens digit of v?
1
Let w be 3/3*-1*-16. Suppose -x - w = -2*x. What is the tens digit of x?
1
What is the hundreds digit of 616/5 - 4/(-5)?
1
Let i = -7 + 11. Let k(h) = -i + 3*h**2 + 1 - 3*h - 2*h**2. What is the units digit of k(5)?
7
What is the units digit of 120/(-2)*(1 - (-12)/(-9))?
0
Let t be 3/6*8*1. Suppose -t*x + 3*h = -49, 2*x + 4*h - 28 = 2*h. What is the units digit of (-6)/18 - x/(-3)?
4
Let c(m) = -m**3 + 8*m**2 - 7*m + 8. What is the tens digit of c(6)?
3
Suppose 2*n = -3*t + 41, 6*t - t = 3*n + 81. What is the tens digit of t?
1
Let l(i) = 110*i**2 + 2*i + 3. What is the tens digit of l(-1)?
1
Suppose -9 = -v - 2*v. Suppose 0 = v*t + 4 - 19. Suppose